ose -3*h + 910 = s*h. Let j = 101 - h. What is the remainder when 59 is divided by j?
9
Calculate the remainder when 1 + (2 - 5) + 2 + 2174 is divided by 22.
18
Let y = -238 - -233. Calculate the remainder when 16 is divided by (y - -11) + 0 + -2.
0
Suppose -101*r - 76 = -105*r. What is the remainder when (-25)/(-10) - (447/(-6) - -2) is divided by r?
18
Let q(u) = 643*u - 3415. Calculate the remainder when q(12) is divided by 2144.
13
Let l = 421 - 417. Calculate the remainder when ((-1)/l*2)/(6/(-804)) is divided by 36.
31
Suppose 10*d = 514 + 96. Let c = -45 + d. What is the remainder when 191 is divided by c?
15
Suppose 331 - 488 = -3*q + 2*y, -2*q + 78 = 2*y. What is the remainder when 466 is divided by q?
43
Let u be (-4)/(20/(-3)) - (-502)/5. Suppose 2*t - u = t. Let r = t + -64. Calculate the remainder when 146 is divided by r.
35
Let s(y) = -26 - 2*y - 23*y**2 + 44 + 100*y**2 - 20. Let z = -1213 - -1235. Calculate the remainder when s(-1) is divided by z.
11
Suppose -i + 9*i = 688. Calculate the remainder when i is divided by (-1)/((-35)/(-110))*2*7/(-2).
20
Let u(x) = -131*x - 121. Let s be u(-6). Suppose 180 = -662*p + s*p. What is the remainder when 136 is divided by p?
16
Let k(u) = u**3 + 19*u**2 + 2*u + 43. Let n be k(-19). Calculate the remainder when 5 + 0 - (1 + n - 3) is divided by 1.
0
Let a = -222 + 390. Calculate the remainder when 38 is divided by 402/16 + (-21)/a.
13
Let y be (((-8)/(-14))/(80/504))/((-12)/(-40)). Suppose 1 = h - 3. Suppose -h*a = 5*f - 180, -f + 3*a + 48 = y. Calculate the remainder when f is divided by 22.
14
Suppose -3*t + 527 - 437 = 5*h, 5*t - 3*h = 82. Calculate the remainder when 17378 is divided by t.
18
Suppose -5*k - 72 = -t, 4*t - 4*k = k + 348. Calculate the remainder when ((-1357)/t)/((-2)/32) is divided by 17.
15
Suppose 13*y = 36*y - 14*y - 9468. Calculate the remainder when y is divided by 151.
146
Suppose 52 = -2*i - 4*g, -3*g = 5*i - 7*g + 200. Let k be (46/4)/(6/i). Let r = k + 82. What is the remainder when 36 is divided by r?
10
Let v(s) = 288*s**2 - 27*s + 144. What is the remainder when v(6) is divided by 119?
116
Suppose b + 0*a = -5*a + 89, -4*b = 5*a - 326. Let i = 279399 - 279395. Calculate the remainder when b is divided by i.
3
Calculate the remainder when 163 is divided by (-52221)/(-338) + (-3)/(-2)*1.
7
Suppose 17*b = 54*b - 111. Suppose 0 = 2*r + a - 1801, 0*a - 1789 = -2*r + b*a. What is the remainder when r is divided by 17?
15
Let m = 59 + -45. Suppose -213 - m = -s. Let u = s - 54. What is the remainder when u is divided by 35?
33
Suppose 2*a + 4*c - 70 = 5*c, 0 = -5*a + 4*c + 172. Let t = a + -21. What is the remainder when (-4)/1 + -2 + t is divided by 3?
0
Let p(n) be the second derivative of n**3/2 + 79*n**2/2 - 6*n + 1. Calculate the remainder when 111 is divided by p(-22).
7
Let j = 1545 - 1518. Calculate the remainder when 28 is divided by j.
1
Let j = -5668 + 5717. What is the remainder when 1317 is divided by j?
43
Let x be (-2)/19 + (-624716)/(-323). Suppose -9*u - 512 + x = 0. Calculate the remainder when u is divided by 23.
20
Let r = -3135 - -3509. Calculate the remainder when r is divided by 92.
6
Let q be 2 + (-88)/(-14) + (-2)/7. Suppose 15*r - 84 = q*r. Suppose -r - 9 = -l. Calculate the remainder when l is divided by 12.
9
Suppose 39*m = 44*m - 235. What is the remainder when 140 is divided by m?
46
Suppose 16*l + 28 = -4*l + 168. Let m(p) = -p**3 - p**2 - 2*p + 3. Calculate the remainder when m(-4) is divided by l.
3
Suppose 3*v + 2*v = 3*n - 46, -3*n = -2*v - 31. Let a = n + 44. What is the remainder when 147 is divided by a?
45
Suppose 2*h - 5*i - 43 + 35 = 0, -3*i = 3*h - 12. Suppose 0*d - 3*d + n = -1210, 425 = d + h*n. What is the remainder when d is divided by 11?
9
Suppose -5*r + 35 = 5*f, -3*r - 65*f = -63*f - 26. Suppose 4*a = 3*a + 14. Suppose 0 = -5*p + a + 21. What is the remainder when r is divided by p?
5
Let a(v) = -13*v - 1. Let t be a(-1). Let g(j) = 5*j + 33. Let c be g(t). Suppose -4*s + c = -175. Calculate the remainder when s is divided by 14.
11
Let r be -4*(-6 + 63/12). Suppose r*i - 112 = -5*k, -2*k = -7*k - 5. What is the remainder when i is divided by 20?
19
Let g(p) = 70*p**2 - 359*p + 2891. What is the remainder when g(8) is divided by 5?
4
Let c(h) = h**3 - 7*h + 8. What is the remainder when 1855 is divided by c(2)?
1
Suppose -23*v + 20 = -19*v. Suppose 23*b = 26*b, 0 = v*p - 3*b - 325. What is the remainder when p is divided by 22?
21
Let v(l) be the second derivative of l**4/12 + 11*l**3/6 + 33*l**2/2 + 87*l. Calculate the remainder when 124 is divided by v(-12).
34
Suppose -4*y = u - 17, 0 = -2*u + 2*y + 14 + 10. Let q(v) = 2*v**3 - 27*v**2 + 13*v + 6. Calculate the remainder when 17 is divided by q(u).
5
Suppose 5*m = 2*a - 0*a - 43, 45 = 3*a - m. Let c(v) = 38*v + 28*v**2 - 3*v**2 - 37*v - 8. What is the remainder when c(2) is divided by a?
10
Let p(d) = 75*d - 3. Let j be p(4). Let g = 207 - j. What is the remainder when 71 is divided by 18/g - 126/(-5)?
21
Let y = -1011 - -11890. Calculate the remainder when y is divided by 117.
115
Suppose -20961 = 149*j - 54337. What is the remainder when 891 is divided by j?
219
Let j(f) = -24*f**3 + 10*f**2 - 18*f - 233. Calculate the remainder when j(-5) is divided by 1018.
53
Suppose -195*k = -721391 + 480337 - 1423076. Calculate the remainder when k is divided by 11.
9
What is the remainder when (-17)/((-119)/(-1176))*(-5)/5 is divided by 13?
12
Let s = 160 + -154. Suppose 4*p - 64 = -3*m, -5*m + s*m = -p + 22. What is the remainder when m is divided by (-1)/2*(-13 + -3)?
0
Let b(c) = -21*c - 3. What is the remainder when b(-5) is divided by (-61393)/(-2044) + 3/(-84)?
12
Calculate the remainder when (35 - 34)*(2/4)/(2/436) is divided by 24/36 - 110/(-6).
14
Suppose 25*j - 84*j + 6664 = -7732. What is the remainder when j is divided by 93?
58
Let b(m) = 2*m**3 + 372*m**2 + 733*m - 317. Calculate the remainder when b(-184) is divided by (1/(-2))/(3/(-342)).
7
Suppose 0 = -39*o + 47*o - 118*o + 330. What is the remainder when 2632 is divided by o?
1
Let o(a) = 24*a + 9. Let q be o(-4). Let m = q + 102. Suppose -5*h + m = 0, 3*n - 4*h - 132 = -2*h. What is the remainder when n is divided by 8?
6
Let w be 256/(-80)*10/(-4). What is the remainder when 133 is divided by (-2)/((w/(-17))/4)?
14
Suppose 199850 - 37634 = 18*i. Calculate the remainder when i is divided by 311.
304
Let c = 34 + -34. Suppose c = 21*m - 28*m + 49. What is the remainder when 9 is divided by m?
2
Let k = 90 - 11. What is the remainder when 139 is divided by 2/40*5 + k/4?
19
Let f(i) = i**2 + 10*i + 7. Let x = -11 + 0. Suppose 2079*a = 2076*a + 93. What is the remainder when a is divided by f(x)?
13
Suppose 3*v = -0*v + 204. Let j be 0 - (-32)/(-12)*3*-1. Suppose 10*x = j*x + 70. What is the remainder when v is divided by x?
33
Suppose -2*f - 23 - 25 = 0. Let l = f - -109. Suppose 0 = -4*j + l + 43. Calculate the remainder when j is divided by 11.
10
What is the remainder when (-81 + 1)*-84*32/192 is divided by 6?
4
Suppose -5*q - n = -134 - 16, 24 = q - n. Let u = q + -17. Suppose 0 = -4*p + u, 5*i - i = -4*p + 180. What is the remainder when 81 is divided by i?
39
Let d = -7749 + 7772. Calculate the remainder when 800 is divided by d.
18
Let x(k) = -5*k + 49. Let d be x(7). Suppose c - 127 = d. Calculate the remainder when c is divided by 71.
70
Let f be ((-160)/15)/(-1 + (-21)/(-27)). Suppose 44*g + 376 = f*g. Calculate the remainder when g is divided by 5.
4
Let o(y) = -15*y - 281. Let z = -205 + 233. Calculate the remainder when z is divided by o(-20).
9
Suppose -202 = -3*y - 323*t + 327*t, y = 5*t + 82. What is the remainder when 148 is divided by y?
24
Suppose 0 = 78*y - 2948 - 22714. Suppose -2750 = y*r - 354*r. Let a(i) = 7*i**2 - i + 2. What is the remainder when r is divided by a(2)?
26
Suppose 20 = a - 59*c + 60*c, 0 = a + 2*c - 24. What is the remainder when 1055 is divided by a?
15
Let i = -3740 - -3992. Calculate the remainder when i is divided by 67.
51
Let i = 62 + -38. Suppose 0 = p + 4*s - i, -4*p - s = -3*s - 6. Suppose 3*f = -u + 234, 3*u + 322 - 23 = p*f. What is the remainder when f is divided by 27?
23
What is the remainder when ((-474)/12)/((-44)/88) is divided by 30?
19
Calc